{"id":29506,"date":"2021-10-30T23:39:45","date_gmt":"2021-10-30T21:39:45","guid":{"rendered":"https:\/\/inclusivesocial.org\/?post_type=product&#038;p=29506"},"modified":"2021-10-31T23:19:16","modified_gmt":"2021-10-31T22:19:16","slug":"perspectives-edicion-espanol-numero-1-10-2021","status":"publish","type":"product","link":"https:\/\/inclusivesocial.org\/es\/product\/perspectives-edicion-espanol-numero-1-10-2021\/","title":{"rendered":"Perspectives &#8211; Edici\u00f3n espa\u00f1ol n\u00famero 1 (10-2021)"},"content":{"rendered":"<style type=\"text\/css\"><\/style>","protected":false},"excerpt":{"rendered":"<p>Edici\u00f3n especial en espa\u00f1ol para descargar en PDF<\/p>\n<p>Contenido:<\/p>\n<ul>\n<li>Cuentos sanadores (Gleice Paulino da Silva)<\/li>\n<li>\u00ab\u00a1Tu no puedes decirme nada!\u00bb Formas contempora\u0301neas de autoridad como base de la libertad (Tobias Fritze)<\/li>\n<li>El potencial terape\u0301utico de la educacio\u0301n para un nin\u0303o con epilepsia (Gerhard Hallen)<\/li>\n<\/ul>\n<p>Le pedimos una contribuci\u00f3n de libre elecci\u00f3n a los costes entre 3 y 10 CHF. (Si no puede permitirse ni siquiera la cantidad m\u00ednima debido a circunstancias financieras excepcionales, p\u00f3ngase en contacto con nosotros: <a href=\"mailto:info@inclusivesocial.org\">info@inclusivesocial.org<\/a>.)<\/p>\n","protected":false},"featured_media":29500,"template":"","meta":[],"product_brand":[],"product_cat":[124],"product_tag":[],"class_list":{"0":"post-29506","1":"product","2":"type-product","3":"status-publish","4":"has-post-thumbnail","6":"product_cat-revista","8":"first","9":"instock","10":"downloadable","11":"virtual","12":"sold-individually","13":"purchasable","14":"product-type-simple"},"yoast_head":"<!-- This site is optimized with the Yoast SEO plugin v27.4 - https:\/\/yoast.com\/product\/yoast-seo-wordpress\/ -->\n<title>Perspectives - Edici\u00f3n espa\u00f1ol n\u00famero 1 (10-2021) - Section for Inclusive Social Development<\/title>\n<meta name=\"robots\" content=\"noindex, follow\" \/>\n<meta property=\"og:locale\" content=\"es_ES\" \/>\n<meta property=\"og:type\" content=\"article\" \/>\n<meta property=\"og:title\" content=\"Perspectives - Edici\u00f3n espa\u00f1ol n\u00famero 1 (10-2021) - Section for Inclusive Social Development\" \/>\n<meta property=\"og:description\" content=\"Edici\u00f3n especial en espa\u00f1ol para descargar en PDF  Contenido:   Cuentos sanadores (Gleice Paulino da Silva)  \u00ab\u00a1Tu no puedes decirme nada!\u00bb Formas contempora\u0301neas de autoridad como base de la libertad (Tobias Fritze)  El potencial terape\u0301utico de la educacio\u0301n para un nin\u0303o con epilepsia (Gerhard Hallen)  Le pedimos una contribuci\u00f3n de libre elecci\u00f3n a los costes entre 3 y 10 CHF. (Si no puede permitirse ni siquiera la cantidad m\u00ednima debido a circunstancias financieras excepcionales, p\u00f3ngase en contacto con nosotros: info@inclusivesocial.org.)\" \/>\n<meta property=\"og:url\" content=\"https:\/\/inclusivesocial.org\/product\/perspectives-edicion-espanol-numero-1-10-2021\/\" \/>\n<meta property=\"og:site_name\" content=\"Section for Inclusive Social Development\" \/>\n<meta property=\"article:publisher\" content=\"https:\/\/www.facebook.com\/inclusivesocial\/\" \/>\n<meta property=\"article:modified_time\" content=\"2021-10-31T22:19:16+00:00\" \/>\n<meta property=\"og:image\" content=\"https:\/\/inclusivesocial.org\/wp-content\/uploads\/2021\/10\/Perspectives-espanol-2021-10-final.jpg\" \/>\n\t<meta property=\"og:image:width\" content=\"595\" \/>\n\t<meta property=\"og:image:height\" content=\"841\" \/>\n\t<meta property=\"og:image:type\" content=\"image\/jpeg\" \/>\n<meta name=\"twitter:card\" content=\"summary_large_image\" \/>\n<script type=\"application\/ld+json\" class=\"yoast-schema-graph\">{\"@context\":\"https:\\\/\\\/schema.org\",\"@graph\":[{\"@type\":\"WebPage\",\"@id\":\"https:\\\/\\\/inclusivesocial.org\\\/product\\\/perspectives-edicion-espanol-numero-1-10-2021\\\/\",\"url\":\"https:\\\/\\\/inclusivesocial.org\\\/product\\\/perspectives-edicion-espanol-numero-1-10-2021\\\/\",\"name\":\"Perspectives - Edici\u00f3n espa\u00f1ol n\u00famero 1 (10-2021) - Section for Inclusive Social Development\",\"isPartOf\":{\"@id\":\"https:\\\/\\\/inclusivesocial.org\\\/es\\\/#website\"},\"primaryImageOfPage\":{\"@id\":\"https:\\\/\\\/inclusivesocial.org\\\/product\\\/perspectives-edicion-espanol-numero-1-10-2021\\\/#primaryimage\"},\"image\":{\"@id\":\"https:\\\/\\\/inclusivesocial.org\\\/product\\\/perspectives-edicion-espanol-numero-1-10-2021\\\/#primaryimage\"},\"thumbnailUrl\":\"https:\\\/\\\/inclusivesocial.org\\\/wp-content\\\/uploads\\\/2021\\\/10\\\/Perspectives-espanol-2021-10-final.jpg\",\"datePublished\":\"2021-10-30T21:39:45+00:00\",\"dateModified\":\"2021-10-31T22:19:16+00:00\",\"breadcrumb\":{\"@id\":\"https:\\\/\\\/inclusivesocial.org\\\/product\\\/perspectives-edicion-espanol-numero-1-10-2021\\\/#breadcrumb\"},\"inLanguage\":\"es\",\"potentialAction\":[{\"@type\":\"ReadAction\",\"target\":[\"https:\\\/\\\/inclusivesocial.org\\\/product\\\/perspectives-edicion-espanol-numero-1-10-2021\\\/\"]}]},{\"@type\":\"ImageObject\",\"inLanguage\":\"es\",\"@id\":\"https:\\\/\\\/inclusivesocial.org\\\/product\\\/perspectives-edicion-espanol-numero-1-10-2021\\\/#primaryimage\",\"url\":\"https:\\\/\\\/inclusivesocial.org\\\/wp-content\\\/uploads\\\/2021\\\/10\\\/Perspectives-espanol-2021-10-final.jpg\",\"contentUrl\":\"https:\\\/\\\/inclusivesocial.org\\\/wp-content\\\/uploads\\\/2021\\\/10\\\/Perspectives-espanol-2021-10-final.jpg\",\"width\":595,\"height\":841},{\"@type\":\"BreadcrumbList\",\"@id\":\"https:\\\/\\\/inclusivesocial.org\\\/product\\\/perspectives-edicion-espanol-numero-1-10-2021\\\/#breadcrumb\",\"itemListElement\":[{\"@type\":\"ListItem\",\"position\":1,\"name\":\"Home\",\"item\":\"https:\\\/\\\/inclusivesocial.org\\\/es\\\/home\\\/\"},{\"@type\":\"ListItem\",\"position\":2,\"name\":\"Suscribirse a Perspectives\",\"item\":\"https:\\\/\\\/inclusivesocial.org\\\/es\\\/suscribirse-a-perspectives\\\/\"},{\"@type\":\"ListItem\",\"position\":3,\"name\":\"Perspectives &#8211; Edici\u00f3n espa\u00f1ol n\u00famero 1 (10-2021)\"}]},{\"@type\":\"WebSite\",\"@id\":\"https:\\\/\\\/inclusivesocial.org\\\/es\\\/#website\",\"url\":\"https:\\\/\\\/inclusivesocial.org\\\/es\\\/\",\"name\":\"Inclusive Social\",\"description\":\"EDUCATION \\\/\\\/ WELLBEING \\\/\\\/ COMMUNITY\",\"publisher\":{\"@id\":\"https:\\\/\\\/inclusivesocial.org\\\/es\\\/#organization\"},\"potentialAction\":[{\"@type\":\"SearchAction\",\"target\":{\"@type\":\"EntryPoint\",\"urlTemplate\":\"https:\\\/\\\/inclusivesocial.org\\\/es\\\/?s={search_term_string}\"},\"query-input\":{\"@type\":\"PropertyValueSpecification\",\"valueRequired\":true,\"valueName\":\"search_term_string\"}}],\"inLanguage\":\"es\"},{\"@type\":\"Organization\",\"@id\":\"https:\\\/\\\/inclusivesocial.org\\\/es\\\/#organization\",\"name\":\"Section for Inclusive Social Development\",\"url\":\"https:\\\/\\\/inclusivesocial.org\\\/es\\\/\",\"logo\":{\"@type\":\"ImageObject\",\"inLanguage\":\"es\",\"@id\":\"https:\\\/\\\/inclusivesocial.org\\\/es\\\/#\\\/schema\\\/logo\\\/image\\\/\",\"url\":\"https:\\\/\\\/inclusivesocial.org\\\/wp-content\\\/uploads\\\/2024\\\/10\\\/heilpaedagogik-und-inklusive-soziale-entwicklung-dreizeiler-de-en-full-color-rgb-900px-w-72ppi.png\",\"contentUrl\":\"https:\\\/\\\/inclusivesocial.org\\\/wp-content\\\/uploads\\\/2024\\\/10\\\/heilpaedagogik-und-inklusive-soziale-entwicklung-dreizeiler-de-en-full-color-rgb-900px-w-72ppi.png\",\"width\":901,\"height\":158,\"caption\":\"Section for Inclusive Social Development\"},\"image\":{\"@id\":\"https:\\\/\\\/inclusivesocial.org\\\/es\\\/#\\\/schema\\\/logo\\\/image\\\/\"},\"sameAs\":[\"https:\\\/\\\/www.facebook.com\\\/inclusivesocial\\\/\",\"https:\\\/\\\/www.instagram.com\\\/inclusivesocial\\\/\"]}]}<\/script>\n<!-- \/ Yoast SEO plugin. -->","yoast_head_json":{"title":"Perspectives - Edici\u00f3n espa\u00f1ol n\u00famero 1 (10-2021) - Section for Inclusive Social Development","robots":{"index":"noindex","follow":"follow"},"og_locale":"es_ES","og_type":"article","og_title":"Perspectives - Edici\u00f3n espa\u00f1ol n\u00famero 1 (10-2021) - Section for Inclusive Social Development","og_description":"Edici\u00f3n especial en espa\u00f1ol para descargar en PDF  Contenido:   Cuentos sanadores (Gleice Paulino da Silva)  \u00ab\u00a1Tu no puedes decirme nada!\u00bb Formas contempora\u0301neas de autoridad como base de la libertad (Tobias Fritze)  El potencial terape\u0301utico de la educacio\u0301n para un nin\u0303o con epilepsia (Gerhard Hallen)  Le pedimos una contribuci\u00f3n de libre elecci\u00f3n a los costes entre 3 y 10 CHF. (Si no puede permitirse ni siquiera la cantidad m\u00ednima debido a circunstancias financieras excepcionales, p\u00f3ngase en contacto con nosotros: info@inclusivesocial.org.)","og_url":"https:\/\/inclusivesocial.org\/product\/perspectives-edicion-espanol-numero-1-10-2021\/","og_site_name":"Section for Inclusive Social Development","article_publisher":"https:\/\/www.facebook.com\/inclusivesocial\/","article_modified_time":"2021-10-31T22:19:16+00:00","og_image":[{"width":595,"height":841,"url":"https:\/\/inclusivesocial.org\/wp-content\/uploads\/2021\/10\/Perspectives-espanol-2021-10-final.jpg","type":"image\/jpeg"}],"twitter_card":"summary_large_image","schema":{"@context":"https:\/\/schema.org","@graph":[{"@type":"WebPage","@id":"https:\/\/inclusivesocial.org\/product\/perspectives-edicion-espanol-numero-1-10-2021\/","url":"https:\/\/inclusivesocial.org\/product\/perspectives-edicion-espanol-numero-1-10-2021\/","name":"Perspectives - Edici\u00f3n espa\u00f1ol n\u00famero 1 (10-2021) - Section for Inclusive Social Development","isPartOf":{"@id":"https:\/\/inclusivesocial.org\/es\/#website"},"primaryImageOfPage":{"@id":"https:\/\/inclusivesocial.org\/product\/perspectives-edicion-espanol-numero-1-10-2021\/#primaryimage"},"image":{"@id":"https:\/\/inclusivesocial.org\/product\/perspectives-edicion-espanol-numero-1-10-2021\/#primaryimage"},"thumbnailUrl":"https:\/\/inclusivesocial.org\/wp-content\/uploads\/2021\/10\/Perspectives-espanol-2021-10-final.jpg","datePublished":"2021-10-30T21:39:45+00:00","dateModified":"2021-10-31T22:19:16+00:00","breadcrumb":{"@id":"https:\/\/inclusivesocial.org\/product\/perspectives-edicion-espanol-numero-1-10-2021\/#breadcrumb"},"inLanguage":"es","potentialAction":[{"@type":"ReadAction","target":["https:\/\/inclusivesocial.org\/product\/perspectives-edicion-espanol-numero-1-10-2021\/"]}]},{"@type":"ImageObject","inLanguage":"es","@id":"https:\/\/inclusivesocial.org\/product\/perspectives-edicion-espanol-numero-1-10-2021\/#primaryimage","url":"https:\/\/inclusivesocial.org\/wp-content\/uploads\/2021\/10\/Perspectives-espanol-2021-10-final.jpg","contentUrl":"https:\/\/inclusivesocial.org\/wp-content\/uploads\/2021\/10\/Perspectives-espanol-2021-10-final.jpg","width":595,"height":841},{"@type":"BreadcrumbList","@id":"https:\/\/inclusivesocial.org\/product\/perspectives-edicion-espanol-numero-1-10-2021\/#breadcrumb","itemListElement":[{"@type":"ListItem","position":1,"name":"Home","item":"https:\/\/inclusivesocial.org\/es\/home\/"},{"@type":"ListItem","position":2,"name":"Suscribirse a Perspectives","item":"https:\/\/inclusivesocial.org\/es\/suscribirse-a-perspectives\/"},{"@type":"ListItem","position":3,"name":"Perspectives &#8211; Edici\u00f3n espa\u00f1ol n\u00famero 1 (10-2021)"}]},{"@type":"WebSite","@id":"https:\/\/inclusivesocial.org\/es\/#website","url":"https:\/\/inclusivesocial.org\/es\/","name":"Inclusive Social","description":"EDUCATION \/\/ WELLBEING \/\/ COMMUNITY","publisher":{"@id":"https:\/\/inclusivesocial.org\/es\/#organization"},"potentialAction":[{"@type":"SearchAction","target":{"@type":"EntryPoint","urlTemplate":"https:\/\/inclusivesocial.org\/es\/?s={search_term_string}"},"query-input":{"@type":"PropertyValueSpecification","valueRequired":true,"valueName":"search_term_string"}}],"inLanguage":"es"},{"@type":"Organization","@id":"https:\/\/inclusivesocial.org\/es\/#organization","name":"Section for Inclusive Social Development","url":"https:\/\/inclusivesocial.org\/es\/","logo":{"@type":"ImageObject","inLanguage":"es","@id":"https:\/\/inclusivesocial.org\/es\/#\/schema\/logo\/image\/","url":"https:\/\/inclusivesocial.org\/wp-content\/uploads\/2024\/10\/heilpaedagogik-und-inklusive-soziale-entwicklung-dreizeiler-de-en-full-color-rgb-900px-w-72ppi.png","contentUrl":"https:\/\/inclusivesocial.org\/wp-content\/uploads\/2024\/10\/heilpaedagogik-und-inklusive-soziale-entwicklung-dreizeiler-de-en-full-color-rgb-900px-w-72ppi.png","width":901,"height":158,"caption":"Section for Inclusive Social Development"},"image":{"@id":"https:\/\/inclusivesocial.org\/es\/#\/schema\/logo\/image\/"},"sameAs":["https:\/\/www.facebook.com\/inclusivesocial\/","https:\/\/www.instagram.com\/inclusivesocial\/"]}]}},"_links":{"self":[{"href":"https:\/\/inclusivesocial.org\/es\/wp-json\/wp\/v2\/product\/29506","targetHints":{"allow":["GET"]}}],"collection":[{"href":"https:\/\/inclusivesocial.org\/es\/wp-json\/wp\/v2\/product"}],"about":[{"href":"https:\/\/inclusivesocial.org\/es\/wp-json\/wp\/v2\/types\/product"}],"wp:featuredmedia":[{"embeddable":true,"href":"https:\/\/inclusivesocial.org\/es\/wp-json\/wp\/v2\/media\/29500"}],"wp:attachment":[{"href":"https:\/\/inclusivesocial.org\/es\/wp-json\/wp\/v2\/media?parent=29506"}],"wp:term":[{"taxonomy":"product_brand","embeddable":true,"href":"https:\/\/inclusivesocial.org\/es\/wp-json\/wp\/v2\/product_brand?post=29506"},{"taxonomy":"product_cat","embeddable":true,"href":"https:\/\/inclusivesocial.org\/es\/wp-json\/wp\/v2\/product_cat?post=29506"},{"taxonomy":"product_tag","embeddable":true,"href":"https:\/\/inclusivesocial.org\/es\/wp-json\/wp\/v2\/product_tag?post=29506"}],"curies":[{"name":"wp","href":"https:\/\/api.w.org\/{rel}","templated":true}]}}

Perspectives &#8211; Edición español número 1 (10-2021)

<p>Edición especial en español para descargar en PDF</p>
<p>Contenido:</p>
<ul>
<li>Cuentos sanadores (Gleice Paulino da Silva)</li>
<li>«¡Tu no puedes decirme nada!» Formas contemporáneas de autoridad como base de la libertad (Tobias Fritze)</li>
<li>El potencial terapéutico de la educación para un niño con epilepsia (Gerhard Hallen)</li>
</ul>
<p>Le pedimos una contribución de libre elección a los costes entre 3 y 10 CHF. (Si no puede permitirse ni siquiera la cantidad mínima debido a circunstancias financieras excepcionales, póngase en contacto con nosotros: <a href="mailto:info@inclusivesocial.org">info@inclusivesocial.org</a>.)</p>

<!-- This site is optimized with the Yoast SEO plugin v27.4 - https://yoast.com/product/yoast-seo-wordpress/ -->
<title>Perspectives - Edición español número 1 (10-2021) - Section for Inclusive Social Development</title>
<meta name="robots" content="noindex, follow" />
<meta property="og:locale" content="es_ES" />
<meta property="og:type" content="article" />
<meta property="og:title" content="Perspectives - Edición español número 1 (10-2021) - Section for Inclusive Social Development" />
<meta property="og:description" content="Edición especial en español para descargar en PDF  Contenido:   Cuentos sanadores (Gleice Paulino da Silva)  «¡Tu no puedes decirme nada!» Formas contemporáneas de autoridad como base de la libertad (Tobias Fritze)  El potencial terapéutico de la educación para un niño con epilepsia (Gerhard Hallen)  Le pedimos una contribución de libre elección a los costes entre 3 y 10 CHF. (Si no puede permitirse ni siquiera la cantidad mínima debido a circunstancias financieras excepcionales, póngase en contacto con nosotros: info@inclusivesocial.org.)" />
<meta property="og:url" content="https://inclusivesocial.org/product/perspectives-edicion-espanol-numero-1-10-2021/" />
<meta property="og:site_name" content="Section for Inclusive Social Development" />
<meta property="article:publisher" content="https://www.facebook.com/inclusivesocial/" />
<meta property="article:modified_time" content="2021-10-31T22:19:16+00:00" />
<meta property="og:image" content="https://inclusivesocial.org/wp-content/uploads/2021/10/Perspectives-espanol-2021-10-final.jpg" />
	<meta property="og:image:width" content="595" />
	<meta property="og:image:height" content="841" />
	<meta property="og:image:type" content="image/jpeg" />
<meta name="twitter:card" content="summary_large_image" />
<script type="application/ld+json" class="yoast-schema-graph">{"@context":"https:\/\/schema.org","@graph":[{"@type":"WebPage","@id":"https:\/\/inclusivesocial.org\/product\/perspectives-edicion-espanol-numero-1-10-2021\/","url":"https:\/\/inclusivesocial.org\/product\/perspectives-edicion-espanol-numero-1-10-2021\/","name":"Perspectives - Edición español número 1 (10-2021) - Section for Inclusive Social Development","isPartOf":{"@id":"https:\/\/inclusivesocial.org\/es\/#website"},"primaryImageOfPage":{"@id":"https:\/\/inclusivesocial.org\/product\/perspectives-edicion-espanol-numero-1-10-2021\/#primaryimage"},"image":{"@id":"https:\/\/inclusivesocial.org\/product\/perspectives-edicion-espanol-numero-1-10-2021\/#primaryimage"},"thumbnailUrl":"https:\/\/inclusivesocial.org\/wp-content\/uploads\/2021\/10\/Perspectives-espanol-2021-10-final.jpg","datePublished":"2021-10-30T21:39:45+00:00","dateModified":"2021-10-31T22:19:16+00:00","breadcrumb":{"@id":"https:\/\/inclusivesocial.org\/product\/perspectives-edicion-espanol-numero-1-10-2021\/#breadcrumb"},"inLanguage":"es","potentialAction":[{"@type":"ReadAction","target":["https:\/\/inclusivesocial.org\/product\/perspectives-edicion-espanol-numero-1-10-2021\/"]}]},{"@type":"ImageObject","inLanguage":"es","@id":"https:\/\/inclusivesocial.org\/product\/perspectives-edicion-espanol-numero-1-10-2021\/#primaryimage","url":"https:\/\/inclusivesocial.org\/wp-content\/uploads\/2021\/10\/Perspectives-espanol-2021-10-final.jpg","contentUrl":"https:\/\/inclusivesocial.org\/wp-content\/uploads\/2021\/10\/Perspectives-espanol-2021-10-final.jpg","width":595,"height":841},{"@type":"BreadcrumbList","@id":"https:\/\/inclusivesocial.org\/product\/perspectives-edicion-espanol-numero-1-10-2021\/#breadcrumb","itemListElement":[{"@type":"ListItem","position":1,"name":"Home","item":"https:\/\/inclusivesocial.org\/es\/home\/"},{"@type":"ListItem","position":2,"name":"Suscribirse a Perspectives","item":"https:\/\/inclusivesocial.org\/es\/suscribirse-a-perspectives\/"},{"@type":"ListItem","position":3,"name":"Perspectives &#8211; Edición español número 1 (10-2021)"}]},{"@type":"WebSite","@id":"https:\/\/inclusivesocial.org\/es\/#website","url":"https:\/\/inclusivesocial.org\/es\/","name":"Inclusive Social","description":"EDUCATION \/\/ WELLBEING \/\/ COMMUNITY","publisher":{"@id":"https:\/\/inclusivesocial.org\/es\/#organization"},"potentialAction":[{"@type":"SearchAction","target":{"@type":"EntryPoint","urlTemplate":"https:\/\/inclusivesocial.org\/es\/?s={search_term_string}"},"query-input":{"@type":"PropertyValueSpecification","valueRequired":true,"valueName":"search_term_string"}}],"inLanguage":"es"},{"@type":"Organization","@id":"https:\/\/inclusivesocial.org\/es\/#organization","name":"Section for Inclusive Social Development","url":"https:\/\/inclusivesocial.org\/es\/","logo":{"@type":"ImageObject","inLanguage":"es","@id":"https:\/\/inclusivesocial.org\/es\/#\/schema\/logo\/image\/","url":"https:\/\/inclusivesocial.org\/wp-content\/uploads\/2024\/10\/heilpaedagogik-und-inklusive-soziale-entwicklung-dreizeiler-de-en-full-color-rgb-900px-w-72ppi.png","contentUrl":"https:\/\/inclusivesocial.org\/wp-content\/uploads\/2024\/10\/heilpaedagogik-und-inklusive-soziale-entwicklung-dreizeiler-de-en-full-color-rgb-900px-w-72ppi.png","width":901,"height":158,"caption":"Section for Inclusive Social Development"},"image":{"@id":"https:\/\/inclusivesocial.org\/es\/#\/schema\/logo\/image\/"},"sameAs":["https:\/\/www.facebook.com\/inclusivesocial\/","https:\/\/www.instagram.com\/inclusivesocial\/"]}]}</script>
<!-- / Yoast SEO plugin. -->

Perspectives - Edición español número 1 (10-2021) - Section for Inclusive Social Development

Edición especial en español para descargar en PDF  Contenido:   Cuentos sanadores (Gleice Paulino da Silva)  «¡Tu no puedes decirme nada!» Formas contemporáneas de autoridad como base de la libertad (Tobias Fritze)  El potencial terapéutico de la educación para un niño con epilepsia (Gerhard Hallen)  Le pedimos una contribución de libre elección a los costes entre 3 y 10 CHF. (Si no puede permitirse ni siquiera la cantidad mínima debido a circunstancias financieras excepcionales, póngase en contacto con nosotros: info@inclusivesocial.org.)
